n?
False
Is 13 a factor of 4108?
True
Is 1077 a multiple of 4?
False
Is 883 a multiple of 14?
False
Is 70 a factor of 1673?
False
Does 5 divide 7253?
False
Is 42 a factor of 375?
False
Is 6 a factor of 52905?
False
Is 6757 a multiple of 89?
False
Is 1978 a multiple of 23?
True
Is 158 a factor of 1545?
False
Is 6 a factor of 5263?
False
Is 198 a multiple of 33?
True
Is 19 a factor of 27835?
True
Is 12 a factor of 636?
True
Is 2184 a multiple of 26?
True
Is 17 a factor of 56184?
False
Is 97 a factor of 2813?
True
Is 2 a factor of 909?
False
Is 108 a multiple of 3?
True
Does 6 divide 11718?
True
Is 32 a factor of 120096?
True
Is 72 a multiple of 12?
True
Does 6 divide 5388?
True
Is 10824 a multiple of 88?
True
Is 6 a factor of 45156?
True
Does 33 divide 3423?
False
Is 992 a multiple of 32?
True
Does 100 divide 5700?
True
Is 272 a multiple of 17?
True
Is 34 a factor of 3878?
False
Is 213 a multiple of 2?
False
Does 46 divide 782?
True
Does 6 divide 496?
False
Is 170 a factor of 72492?
False
Is 5401 a multiple of 26?
False
Does 20 divide 2180?
True
Does 22 divide 726?
True
Is 23 a factor of 40411?
True
Does 14 divide 11421?
False
Is 7561 a multiple of 11?
False
Is 38 a factor of 576?
False
Does 12 divide 1487?
False
Is 270 a multiple of 15?
True
Is 7101 a multiple of 6?
False
Is 165 a factor of 3300?
True
Is 9 a factor of 1008?
True
Does 54 divide 5508?
True
Is 14 a factor of 200?
False
Is 31 a factor of 8488?
False
Does 4 divide 14464?
True
Does 7 divide 3829?
True
Does 25 divide 19175?
True
Does 20 divide 2267?
False
Does 4 divide 87?
False
Does 38 divide 31088?
False
Is 325 a multiple of 13?
True
Is 10 a factor of 1798?
False
Is 23 a factor of 3473?
True
Is 1012 a multiple of 11?
True
Is 4235 a multiple of 7?
True
Does 13 divide 29169?
False
Does 15 divide 166734?
False
Is 1982 a multiple of 17?
False
Does 52 divide 7020?
True
Is 546 a multiple of 14?
True
Is 840 a multiple of 168?
True
Is 1794 a multiple of 23?
True
Is 21 a factor of 26418?
True
Does 7 divide 868?
True
Is 2151 a multiple of 109?
False
Is 16 a factor of 4259?
False
Is 5 a factor of 444?
False
Is 82962 a multiple of 18?
True
Is 11 a factor of 2717?
True
Does 21 divide 1202?
False
Is 61 a factor of 102069?
False
Is 420 a multiple of 35?
True
Is 6 a factor of 1152?
True
Is 12 a factor of 10232?
False
Does 48 divide 5472?
True
Is 112 a multiple of 4?
True
Is 4168 a multiple of 6?
False
Does 5 divide 255?
True
Does 203 divide 9744?
True
Is 18 a factor of 2952?
True
Is 1427 a multiple of 76?
False
Is 15 a factor of 57420?
True
Is 172 a factor of 7568?
True
Is 8 a factor of 20602?
False
Does 7 divide 7438?
False
Is 28 a factor of 1372?
True
Is 11 a factor of 19602?
True
Does 8 divide 57896?
True
Does 7 divide 182?
True
Is 27 a factor of 7776?
True
Is 6 a factor of 734?
False
Is 18289 a multiple of 178?
False
Does 17 divide 1657?
False
Is 24 a factor of 4512?
True
Is 17 a factor of 986?
True
Is 60 a factor of 5260?
False
Does 111 divide 13653?
True
Is 6 a factor of 53?
False
Does 22 divide 4510?
True
Is 14 a factor of 33076?
False
Does 4 divide 4160?
True
Is 2678 a multiple of 87?
False
Is 3 a factor of 83?
False
Is 34362 a multiple of 83?
True
Does 31 divide 13299?
True
Is 38 a multiple of 15?
False
Does 82 divide 15908?
True
Is 103 a factor of 27707?
True
Is 31892 a multiple of 35?
False
Is 4560 a multiple of 114?
True
Is 1400 a multiple of 28?
True
Does 4 divide 12547?
False
Is 151 a multiple of 91?
False
Does 5 divide 1931?
False
Is 7 a factor of 70?
True
Does 12 divide 388?
False
Is 144 a multiple of 9?
True
Is 11 a factor of 161?
False
Is 2774 a multiple of 73?
True
Is 11620 a multiple of 7?
True
Is 21 a factor of 3197?
False
Is 20 a factor of 611?
False
Does 8 divide 391?
False
Is 908 a multiple of 4?
True
Is 612 a multiple of 6?
True
Is 189 a factor of 24948?
True
Is 131 a factor of 131?
True
Is 5 a factor of 4098?
False
Is 2860 a multiple of 5?
True
Does 139 divide 2606?
False
Is 36 a factor of 43200?
True
Does 19 divide 2780?
False
Is 5281 a multiple of 57?
False
Is 15 a factor of 2535?
True
Is 3264 a multiple of 296?
False
Does 9 divide 12054?
False
Is 4665 a multiple of 15?
True
Does 19 divide 10142?
False
Does 22 divide 2574?
True
Is 4144 a multiple of 8?
True
Is 79 a factor of 7426?
True
Does 96 divide 48441?
False
Is 33 a multiple of 3?
True
Does 160 divide 27680?
True
Is 3 a factor of 2392?
False
Is 6213 a multiple of 191?
False
Is 6 a factor of 306?
True
Is 25 a factor of 650?
True
Is 5 a factor of 64?
False
Does 23 divide 4968?
True
Does 8 divide 758?
False
Is 102 a multiple of 6?
True
Is 9 a factor of 32432?
False
Is 53 a factor of 47903?
False
Does 112 divide 21056?
True
Is 4148 a multiple of 53?
False
Does 44 divide 3696?
True
Is 104 a factor of 86521?
False
Is 6855 a multiple of 25?
False
Does 30 divide 1020?
True
Is 11 a factor of 616?
True
Is 40 a factor of 13448?
False
Is 230 a factor of 70610?
True
Is 15 a factor of 689?
False
Does 41 divide 23329?
True
Does 9 divide 4059?
True
Is 61 a factor of 471?
False
Is 881 a multiple of 85?
False
Does 5 divide 220?
True
Is 3267 a multiple of 127?
False
Is 100 a factor of 1000?
True
Is 42102 a multiple of 79?
False
Is 71 a factor of 2201?
True
Does 24 divide 864?
True
Is 24025 a multiple of 31?
True
Is 13040 a multiple of 20?
True
Is 176 a factor of 4048?
True
Is 612 a multiple of 14?
False
Does 14 divide 8652?
True
Does 15 divide 835?
False
Is 2946 a multiple of 6?
True
Is 98133 a multiple of 11?
False
Is 581 a multiple of 46?
False
Does 10 divide 8060?
True
Is 272 a factor of 13328?
True
Does 16 divide 1973?
False
Does 45 divide 1530?
True
Is 3 a factor of 39?
True
Is 52 a factor of 1092?
True
Is 120 a multiple of 30?
True
Does 45 divide 2016?
False
Is 72 a factor of 24020?
False
Is 36 a factor of 8502?
False
Is 111857 a multiple of 29?
False
Is 8761 a multiple of 18?
False
Does 12 divide 7356?
True
Is 2496 a multiple of 12?
True
Is 962 a multiple of 15?
False
Does 160 divide 18240?
True
Is 11 a factor of 3773?
True
Is 5 a factor of 35?
True
Is 275 a multiple of 55?
True
Is 4680 a multiple of 10?
True
Is 6 a factor of 486?
True
Is 4 a factor of 336?
True
Is 429 a multiple of 17?
False
Is 2464 a multiple of 11?
True
Does 23 divide 989?
True
Is 4 a factor of 3625?
False
Is 3099 a multiple of 5?
False
Is 134640 a multiple of 48?
True
Is 94 a factor of 15047?
False
Is 1177 a multiple of 107?
True
Does 7 divide 1232?
True
Is 13 a factor of 887?
False
Does 343 divide 80092?
False
Does 24 divide 72984?
True
Is 149 a factor of 20413?
True
Is 3372 a multiple of 23?
False
Is 5842 a multiple of 7?
False
Is 17 a factor of 40991?
False
Is 27 a multiple of 3?
True
Is 43 a factor of 20038?
True
Is 8 a factor of 9192?
True
Is 8526 a multiple of 52?
False
Does 14 divide 19276?
False
Is 5138 a multiple of 4?
False
Is 891 a multiple of 4?
False
Is 47 a factor of 63453?
False
Does 7 divide 4158?
True
Does 10 divide 17?
False
Is 32 a factor of 53188?
False
Does 8 divide 18905?
False
Is 819 a multiple of 39?
True
Does 274 divide 37959?
False
Is 60 a factor of 175?
False
Is 10 a factor of 570?
True
Is 49 a factor of 82?
False
Is 2794 a multiple of 40?
False
Is 536 a multiple of 8?
True
Is 43 a factor of 258?
True
Is 7 a factor of 480?
False
Is 242 a factor of 30125?
False
Does 22 divide 983?
False
Is 54 a factor of 1566?
True
Is 16 a factor of 37312?
True
Does 5 divide 450?
True
Is 25 a factor of 3650?
True
Is 35 a factor of 315?
True
Is 138 a factor of 20152?
False
Is 4680 a multiple of 40?
True
Is 30 a factor of 43130?
False
Is 336 a multiple of 7?
True
Is 121 a multiple of 7?
False
Is 81 a factor of 453?
False
Is 1238 a multiple of 33?
False
Does 33 divide 4785?
True
Is 38 a factor of 4028?
True
Does 8 divide 6575?
False
Is 18 a factor of 3888?
True
Is 9568 a multiple of 16?
True
Is 19720 a multiple of 8?
True
Is 5916 a multiple of 58?
True
Is 7 a factor of 132?
False
Is 160312 a multiple of 29?
True
Is 38191 a multiple of 211?
True
Is 38 a factor of 342?
True
Does 204 divide 10812?
True
Is 893 a multiple of 47?
True
Is 2923 a multiple of 7?
False
Does 65 divide 6695?
True
Does 30 divide 1129?
False
Is 25491 a multiple of 15?
False
Does 16 divide 7328?
True
Does 15 divide 2369?
False
Is 3807 a multiple of 47?
True
Does 16 divide 11504